{"id":1549,"date":"2022-03-16T15:26:58","date_gmt":"2022-03-16T14:26:58","guid":{"rendered":"http:\/\/www.samverlen.com\/index.php\/events\/i-s-x-la-traction\/"},"modified":"2022-03-16T15:28:28","modified_gmt":"2022-03-16T14:28:28","slug":"i-s-x-la-traction","status":"publish","type":"ajde_events","link":"https:\/\/www.samverlen.com\/index.php\/events\/i-s-x-la-traction\/","title":{"rendered":"I.S.X. &#8211; La traction"},"content":{"rendered":"\n<p>Festival \u00ab\u00a0Du bruit dans la cambrousse\u00a0\u00bb<\/p>\n\n\n\n<p>Ch\u00e2teau \u00e0 H\u00e9d\u00e9 (35)<\/p>\n\n\n\n<figure class=\"wp-block-embed is-type-wp-embed is-provider-artoutai-productions wp-block-embed-artoutai-productions\"><div class=\"wp-block-embed__wrapper\">\n<blockquote class=\"wp-embedded-content\" data-secret=\"rwWBvzalk9\"><a href=\"https:\/\/www.artoutai.com\/portfolio_page\/isx-gallery\/\">I.S.X.<\/a><\/blockquote><iframe loading=\"lazy\" class=\"wp-embedded-content\" sandbox=\"allow-scripts\" security=\"restricted\" style=\"position: absolute; clip: rect(1px, 1px, 1px, 1px);\" title=\"\u00ab\u00a0I.S.X.\u00a0\u00bb &#8212; ARTOUTA\u00cf PRODUCTIONS\" src=\"https:\/\/www.artoutai.com\/portfolio_page\/isx-gallery\/embed\/#?secret=rwWBvzalk9\" data-secret=\"rwWBvzalk9\" width=\"600\" height=\"338\" frameborder=\"0\" marginwidth=\"0\" marginheight=\"0\" scrolling=\"no\"><\/iframe>\n<\/div><\/figure>\n<p><\/p>","protected":false},"author":1,"featured_media":1452,"menu_order":0,"comment_status":"closed","ping_status":"closed","template":"","meta":{"_et_pb_use_builder":"","_et_pb_old_content":"","_et_gb_content_width":""},"tags":[],"event_type":[25],"event_type_2":[],"class_list":["post-1549","ajde_events","type-ajde_events","status-publish","has-post-thumbnail","hentry","event_location-devant-la-mediatheque-de-bonnemain-35","event_type-spectacle-op"],"yoast_head":"<!-- This site is optimized with the Yoast SEO plugin v27.5 - https:\/\/yoast.com\/product\/yoast-seo-wordpress\/ -->\n<title>I.S.X. - La traction - Sam Verlen<\/title>\n<meta name=\"robots\" content=\"index, follow, max-snippet:-1, max-image-preview:large, max-video-preview:-1\" \/>\n<link rel=\"canonical\" href=\"https:\/\/www.samverlen.com\/index.php\/events\/i-s-x-la-traction\/\" \/>\n<meta property=\"og:locale\" content=\"fr_FR\" \/>\n<meta property=\"og:type\" content=\"article\" \/>\n<meta property=\"og:title\" content=\"I.S.X. - La traction - Sam Verlen\" \/>\n<meta property=\"og:description\" content=\"Festival \u00ab\u00a0Du bruit dans la cambrousse\u00a0\u00bb Ch\u00e2teau \u00e0 H\u00e9d\u00e9 (35)\" \/>\n<meta property=\"og:url\" content=\"https:\/\/www.samverlen.com\/index.php\/events\/i-s-x-la-traction\/\" \/>\n<meta property=\"og:site_name\" content=\"Sam Verlen\" \/>\n<meta property=\"article:publisher\" content=\"https:\/\/www.facebook.com\/sverlen\" \/>\n<meta property=\"article:modified_time\" content=\"2022-03-16T14:28:28+00:00\" \/>\n<meta property=\"og:image\" content=\"https:\/\/www.samverlen.com\/wp-content\/uploads\/2021\/06\/ISX.jpeg\" \/>\n\t<meta property=\"og:image:width\" content=\"1080\" \/>\n\t<meta property=\"og:image:height\" content=\"1080\" \/>\n\t<meta property=\"og:image:type\" content=\"image\/jpeg\" \/>\n<meta name=\"twitter:card\" content=\"summary_large_image\" \/>\n<meta name=\"twitter:site\" content=\"@samverlen\" \/>\n<meta name=\"twitter:label1\" content=\"Dur\u00e9e de lecture estim\u00e9e\" \/>\n\t<meta name=\"twitter:data1\" content=\"1 minute\" \/>\n<script type=\"application\/ld+json\" class=\"yoast-schema-graph\">{\"@context\":\"https:\\\/\\\/schema.org\",\"@graph\":[{\"@type\":\"WebPage\",\"@id\":\"https:\\\/\\\/www.samverlen.com\\\/index.php\\\/events\\\/i-s-x-la-traction\\\/\",\"url\":\"https:\\\/\\\/www.samverlen.com\\\/index.php\\\/events\\\/i-s-x-la-traction\\\/\",\"name\":\"I.S.X. - La traction - Sam Verlen\",\"isPartOf\":{\"@id\":\"https:\\\/\\\/www.samverlen.com\\\/#website\"},\"primaryImageOfPage\":{\"@id\":\"https:\\\/\\\/www.samverlen.com\\\/index.php\\\/events\\\/i-s-x-la-traction\\\/#primaryimage\"},\"image\":{\"@id\":\"https:\\\/\\\/www.samverlen.com\\\/index.php\\\/events\\\/i-s-x-la-traction\\\/#primaryimage\"},\"thumbnailUrl\":\"https:\\\/\\\/www.samverlen.com\\\/wp-content\\\/uploads\\\/2021\\\/06\\\/ISX.jpeg\",\"datePublished\":\"2022-03-16T14:26:58+00:00\",\"dateModified\":\"2022-03-16T14:28:28+00:00\",\"breadcrumb\":{\"@id\":\"https:\\\/\\\/www.samverlen.com\\\/index.php\\\/events\\\/i-s-x-la-traction\\\/#breadcrumb\"},\"inLanguage\":\"fr-FR\",\"potentialAction\":[{\"@type\":\"ReadAction\",\"target\":[\"https:\\\/\\\/www.samverlen.com\\\/index.php\\\/events\\\/i-s-x-la-traction\\\/\"]}]},{\"@type\":\"ImageObject\",\"inLanguage\":\"fr-FR\",\"@id\":\"https:\\\/\\\/www.samverlen.com\\\/index.php\\\/events\\\/i-s-x-la-traction\\\/#primaryimage\",\"url\":\"https:\\\/\\\/www.samverlen.com\\\/wp-content\\\/uploads\\\/2021\\\/06\\\/ISX.jpeg\",\"contentUrl\":\"https:\\\/\\\/www.samverlen.com\\\/wp-content\\\/uploads\\\/2021\\\/06\\\/ISX.jpeg\",\"width\":1080,\"height\":1080},{\"@type\":\"BreadcrumbList\",\"@id\":\"https:\\\/\\\/www.samverlen.com\\\/index.php\\\/events\\\/i-s-x-la-traction\\\/#breadcrumb\",\"itemListElement\":[{\"@type\":\"ListItem\",\"position\":1,\"name\":\"Accueil\",\"item\":\"https:\\\/\\\/www.samverlen.com\\\/\"},{\"@type\":\"ListItem\",\"position\":2,\"name\":\"Events\",\"item\":\"https:\\\/\\\/www.samverlen.com\\\/index.php\\\/events\\\/\"},{\"@type\":\"ListItem\",\"position\":3,\"name\":\"I.S.X. &#8211; La traction\"}]},{\"@type\":\"WebSite\",\"@id\":\"https:\\\/\\\/www.samverlen.com\\\/#website\",\"url\":\"https:\\\/\\\/www.samverlen.com\\\/\",\"name\":\"Sam Verlen\",\"description\":\"Chercheur de po\u00e9sie sonore \\\/\\\/ Compositeur, musicien\",\"potentialAction\":[{\"@type\":\"SearchAction\",\"target\":{\"@type\":\"EntryPoint\",\"urlTemplate\":\"https:\\\/\\\/www.samverlen.com\\\/?s={search_term_string}\"},\"query-input\":{\"@type\":\"PropertyValueSpecification\",\"valueRequired\":true,\"valueName\":\"search_term_string\"}}],\"inLanguage\":\"fr-FR\"}]}<\/script>\n<!-- \/ Yoast SEO plugin. -->","yoast_head_json":{"title":"I.S.X. - La traction - Sam Verlen","robots":{"index":"index","follow":"follow","max-snippet":"max-snippet:-1","max-image-preview":"max-image-preview:large","max-video-preview":"max-video-preview:-1"},"canonical":"https:\/\/www.samverlen.com\/index.php\/events\/i-s-x-la-traction\/","og_locale":"fr_FR","og_type":"article","og_title":"I.S.X. - La traction - Sam Verlen","og_description":"Festival \u00ab\u00a0Du bruit dans la cambrousse\u00a0\u00bb Ch\u00e2teau \u00e0 H\u00e9d\u00e9 (35)","og_url":"https:\/\/www.samverlen.com\/index.php\/events\/i-s-x-la-traction\/","og_site_name":"Sam Verlen","article_publisher":"https:\/\/www.facebook.com\/sverlen","article_modified_time":"2022-03-16T14:28:28+00:00","og_image":[{"width":1080,"height":1080,"url":"https:\/\/www.samverlen.com\/wp-content\/uploads\/2021\/06\/ISX.jpeg","type":"image\/jpeg"}],"twitter_card":"summary_large_image","twitter_site":"@samverlen","twitter_misc":{"Dur\u00e9e de lecture estim\u00e9e":"1 minute"},"schema":{"@context":"https:\/\/schema.org","@graph":[{"@type":"WebPage","@id":"https:\/\/www.samverlen.com\/index.php\/events\/i-s-x-la-traction\/","url":"https:\/\/www.samverlen.com\/index.php\/events\/i-s-x-la-traction\/","name":"I.S.X. - La traction - Sam Verlen","isPartOf":{"@id":"https:\/\/www.samverlen.com\/#website"},"primaryImageOfPage":{"@id":"https:\/\/www.samverlen.com\/index.php\/events\/i-s-x-la-traction\/#primaryimage"},"image":{"@id":"https:\/\/www.samverlen.com\/index.php\/events\/i-s-x-la-traction\/#primaryimage"},"thumbnailUrl":"https:\/\/www.samverlen.com\/wp-content\/uploads\/2021\/06\/ISX.jpeg","datePublished":"2022-03-16T14:26:58+00:00","dateModified":"2022-03-16T14:28:28+00:00","breadcrumb":{"@id":"https:\/\/www.samverlen.com\/index.php\/events\/i-s-x-la-traction\/#breadcrumb"},"inLanguage":"fr-FR","potentialAction":[{"@type":"ReadAction","target":["https:\/\/www.samverlen.com\/index.php\/events\/i-s-x-la-traction\/"]}]},{"@type":"ImageObject","inLanguage":"fr-FR","@id":"https:\/\/www.samverlen.com\/index.php\/events\/i-s-x-la-traction\/#primaryimage","url":"https:\/\/www.samverlen.com\/wp-content\/uploads\/2021\/06\/ISX.jpeg","contentUrl":"https:\/\/www.samverlen.com\/wp-content\/uploads\/2021\/06\/ISX.jpeg","width":1080,"height":1080},{"@type":"BreadcrumbList","@id":"https:\/\/www.samverlen.com\/index.php\/events\/i-s-x-la-traction\/#breadcrumb","itemListElement":[{"@type":"ListItem","position":1,"name":"Accueil","item":"https:\/\/www.samverlen.com\/"},{"@type":"ListItem","position":2,"name":"Events","item":"https:\/\/www.samverlen.com\/index.php\/events\/"},{"@type":"ListItem","position":3,"name":"I.S.X. &#8211; La traction"}]},{"@type":"WebSite","@id":"https:\/\/www.samverlen.com\/#website","url":"https:\/\/www.samverlen.com\/","name":"Sam Verlen","description":"Chercheur de po\u00e9sie sonore \/\/ Compositeur, musicien","potentialAction":[{"@type":"SearchAction","target":{"@type":"EntryPoint","urlTemplate":"https:\/\/www.samverlen.com\/?s={search_term_string}"},"query-input":{"@type":"PropertyValueSpecification","valueRequired":true,"valueName":"search_term_string"}}],"inLanguage":"fr-FR"}]}},"_links":{"self":[{"href":"https:\/\/www.samverlen.com\/index.php\/wp-json\/wp\/v2\/ajde_events\/1549","targetHints":{"allow":["GET"]}}],"collection":[{"href":"https:\/\/www.samverlen.com\/index.php\/wp-json\/wp\/v2\/ajde_events"}],"about":[{"href":"https:\/\/www.samverlen.com\/index.php\/wp-json\/wp\/v2\/types\/ajde_events"}],"author":[{"embeddable":true,"href":"https:\/\/www.samverlen.com\/index.php\/wp-json\/wp\/v2\/users\/1"}],"replies":[{"embeddable":true,"href":"https:\/\/www.samverlen.com\/index.php\/wp-json\/wp\/v2\/comments?post=1549"}],"wp:featuredmedia":[{"embeddable":true,"href":"https:\/\/www.samverlen.com\/index.php\/wp-json\/wp\/v2\/media\/1452"}],"wp:attachment":[{"href":"https:\/\/www.samverlen.com\/index.php\/wp-json\/wp\/v2\/media?parent=1549"}],"wp:term":[{"taxonomy":"post_tag","embeddable":true,"href":"https:\/\/www.samverlen.com\/index.php\/wp-json\/wp\/v2\/tags?post=1549"},{"taxonomy":"event_type","embeddable":true,"href":"https:\/\/www.samverlen.com\/index.php\/wp-json\/wp\/v2\/event_type?post=1549"},{"taxonomy":"event_type_2","embeddable":true,"href":"https:\/\/www.samverlen.com\/index.php\/wp-json\/wp\/v2\/event_type_2?post=1549"}],"curies":[{"name":"wp","href":"https:\/\/api.w.org\/{rel}","templated":true}]}}

<p>Festival « Du bruit dans la cambrousse »</p>



<p>Château à Hédé (35)</p>



<figure class="wp-block-embed is-type-wp-embed is-provider-artoutai-productions wp-block-embed-artoutai-productions"><div class="wp-block-embed__wrapper">
<blockquote class="wp-embedded-content" data-secret="rwWBvzalk9"><a href="https://www.artoutai.com/portfolio_page/isx-gallery/">I.S.X.</a></blockquote><iframe loading="lazy" class="wp-embedded-content" sandbox="allow-scripts" security="restricted" style="position: absolute; clip: rect(1px, 1px, 1px, 1px);" title="« I.S.X. » &#8212; ARTOUTAÏ PRODUCTIONS" src="https://www.artoutai.com/portfolio_page/isx-gallery/embed/#?secret=rwWBvzalk9" data-secret="rwWBvzalk9" width="600" height="338" frameborder="0" marginwidth="0" marginheight="0" scrolling="no"></iframe>
</div></figure>
<p></p>

<!-- This site is optimized with the Yoast SEO plugin v27.5 - https://yoast.com/product/yoast-seo-wordpress/ -->
<title>I.S.X. - La traction - Sam Verlen</title>
<meta name="robots" content="index, follow, max-snippet:-1, max-image-preview:large, max-video-preview:-1" />
<link rel="canonical" href="https://www.samverlen.com/index.php/events/i-s-x-la-traction/" />
<meta property="og:locale" content="fr_FR" />
<meta property="og:type" content="article" />
<meta property="og:title" content="I.S.X. - La traction - Sam Verlen" />
<meta property="og:description" content="Festival « Du bruit dans la cambrousse » Château à Hédé (35)" />
<meta property="og:url" content="https://www.samverlen.com/index.php/events/i-s-x-la-traction/" />
<meta property="og:site_name" content="Sam Verlen" />
<meta property="article:publisher" content="https://www.facebook.com/sverlen" />
<meta property="article:modified_time" content="2022-03-16T14:28:28+00:00" />
<meta property="og:image" content="https://www.samverlen.com/wp-content/uploads/2021/06/ISX.jpeg" />
	<meta property="og:image:width" content="1080" />
	<meta property="og:image:height" content="1080" />
	<meta property="og:image:type" content="image/jpeg" />
<meta name="twitter:card" content="summary_large_image" />
<meta name="twitter:site" content="@samverlen" />
<meta name="twitter:label1" content="Durée de lecture estimée" />
	<meta name="twitter:data1" content="1 minute" />
<script type="application/ld+json" class="yoast-schema-graph">{"@context":"https:\/\/schema.org","@graph":[{"@type":"WebPage","@id":"https:\/\/www.samverlen.com\/index.php\/events\/i-s-x-la-traction\/","url":"https:\/\/www.samverlen.com\/index.php\/events\/i-s-x-la-traction\/","name":"I.S.X. - La traction - Sam Verlen","isPartOf":{"@id":"https:\/\/www.samverlen.com\/#website"},"primaryImageOfPage":{"@id":"https:\/\/www.samverlen.com\/index.php\/events\/i-s-x-la-traction\/#primaryimage"},"image":{"@id":"https:\/\/www.samverlen.com\/index.php\/events\/i-s-x-la-traction\/#primaryimage"},"thumbnailUrl":"https:\/\/www.samverlen.com\/wp-content\/uploads\/2021\/06\/ISX.jpeg","datePublished":"2022-03-16T14:26:58+00:00","dateModified":"2022-03-16T14:28:28+00:00","breadcrumb":{"@id":"https:\/\/www.samverlen.com\/index.php\/events\/i-s-x-la-traction\/#breadcrumb"},"inLanguage":"fr-FR","potentialAction":[{"@type":"ReadAction","target":["https:\/\/www.samverlen.com\/index.php\/events\/i-s-x-la-traction\/"]}]},{"@type":"ImageObject","inLanguage":"fr-FR","@id":"https:\/\/www.samverlen.com\/index.php\/events\/i-s-x-la-traction\/#primaryimage","url":"https:\/\/www.samverlen.com\/wp-content\/uploads\/2021\/06\/ISX.jpeg","contentUrl":"https:\/\/www.samverlen.com\/wp-content\/uploads\/2021\/06\/ISX.jpeg","width":1080,"height":1080},{"@type":"BreadcrumbList","@id":"https:\/\/www.samverlen.com\/index.php\/events\/i-s-x-la-traction\/#breadcrumb","itemListElement":[{"@type":"ListItem","position":1,"name":"Accueil","item":"https:\/\/www.samverlen.com\/"},{"@type":"ListItem","position":2,"name":"Events","item":"https:\/\/www.samverlen.com\/index.php\/events\/"},{"@type":"ListItem","position":3,"name":"I.S.X. &#8211; La traction"}]},{"@type":"WebSite","@id":"https:\/\/www.samverlen.com\/#website","url":"https:\/\/www.samverlen.com\/","name":"Sam Verlen","description":"Chercheur de poésie sonore \/\/ Compositeur, musicien","potentialAction":[{"@type":"SearchAction","target":{"@type":"EntryPoint","urlTemplate":"https:\/\/www.samverlen.com\/?s={search_term_string}"},"query-input":{"@type":"PropertyValueSpecification","valueRequired":true,"valueName":"search_term_string"}}],"inLanguage":"fr-FR"}]}</script>
<!-- / Yoast SEO plugin. -->

Festival « Du bruit dans la cambrousse » Château à Hédé (35)

Chercheur de poésie sonore // Compositeur, musicien
