{"id":1890,"date":"2024-01-03T10:13:51","date_gmt":"2024-01-03T09:13:51","guid":{"rendered":"https:\/\/www.samverlen.com\/index.php\/events\/le-masque-noir-labo-de-creation\/"},"modified":"2024-01-03T10:15:31","modified_gmt":"2024-01-03T09:15:31","slug":"le-masque-noir-labo-de-creation","status":"publish","type":"ajde_events","link":"https:\/\/www.samverlen.com\/index.php\/events\/le-masque-noir-labo-de-creation\/","title":{"rendered":"LE MASQUE NOIR (*) &#8211; labo de cr\u00e9ation"},"content":{"rendered":"\n<p>Premi\u00e8res exp\u00e9rimentations pour un futur spectacle avec Heol Jeffroy, Gregory Bouchet et Fran\u00e7ois Marsollier<br>(*) nom temporaire<\/p>\n\n\n\n<p>Le grand logis &#8211; BRUZ (35)<\/p>\n<p><\/p>","protected":false},"author":1,"featured_media":1891,"menu_order":0,"comment_status":"closed","ping_status":"closed","template":"","meta":{"_et_pb_use_builder":"","_et_pb_old_content":"","_et_gb_content_width":""},"tags":[],"event_type":[25],"event_type_2":[],"class_list":["post-1890","ajde_events","type-ajde_events","status-publish","has-post-thumbnail","hentry","event_type-spectacle-op"],"yoast_head":"<!-- This site is optimized with the Yoast SEO plugin v27.5 - https:\/\/yoast.com\/product\/yoast-seo-wordpress\/ -->\n<title>LE MASQUE NOIR (*) - labo de cr\u00e9ation - Sam Verlen<\/title>\n<meta name=\"robots\" content=\"index, follow, max-snippet:-1, max-image-preview:large, max-video-preview:-1\" \/>\n<link rel=\"canonical\" href=\"https:\/\/www.samverlen.com\/index.php\/events\/le-masque-noir-labo-de-creation\/\" \/>\n<meta property=\"og:locale\" content=\"fr_FR\" \/>\n<meta property=\"og:type\" content=\"article\" \/>\n<meta property=\"og:title\" content=\"LE MASQUE NOIR (*) - labo de cr\u00e9ation - Sam Verlen\" \/>\n<meta property=\"og:description\" content=\"Premi\u00e8res exp\u00e9rimentations pour un futur spectacle avec Heol Jeffroy, Gregory Bouchet et Fran\u00e7ois Marsollier(*) nom temporaire Le grand logis &#8211; BRUZ (35)\" \/>\n<meta property=\"og:url\" content=\"https:\/\/www.samverlen.com\/index.php\/events\/le-masque-noir-labo-de-creation\/\" \/>\n<meta property=\"og:site_name\" content=\"Sam Verlen\" \/>\n<meta property=\"article:publisher\" content=\"https:\/\/www.facebook.com\/sverlen\" \/>\n<meta property=\"article:modified_time\" content=\"2024-01-03T09:15:31+00:00\" \/>\n<meta property=\"og:image\" content=\"https:\/\/www.samverlen.com\/wp-content\/uploads\/2024\/01\/Le-masque-noir.jpg\" \/>\n\t<meta property=\"og:image:width\" content=\"300\" \/>\n\t<meta property=\"og:image:height\" content=\"300\" \/>\n\t<meta property=\"og:image:type\" content=\"image\/jpeg\" \/>\n<meta name=\"twitter:card\" content=\"summary_large_image\" \/>\n<meta name=\"twitter:site\" content=\"@samverlen\" \/>\n<meta name=\"twitter:label1\" content=\"Dur\u00e9e de lecture estim\u00e9e\" \/>\n\t<meta name=\"twitter:data1\" content=\"1 minute\" \/>\n<script type=\"application\/ld+json\" class=\"yoast-schema-graph\">{\"@context\":\"https:\\\/\\\/schema.org\",\"@graph\":[{\"@type\":\"WebPage\",\"@id\":\"https:\\\/\\\/www.samverlen.com\\\/index.php\\\/events\\\/le-masque-noir-labo-de-creation\\\/\",\"url\":\"https:\\\/\\\/www.samverlen.com\\\/index.php\\\/events\\\/le-masque-noir-labo-de-creation\\\/\",\"name\":\"LE MASQUE NOIR (*) - labo de cr\u00e9ation - Sam Verlen\",\"isPartOf\":{\"@id\":\"https:\\\/\\\/www.samverlen.com\\\/#website\"},\"primaryImageOfPage\":{\"@id\":\"https:\\\/\\\/www.samverlen.com\\\/index.php\\\/events\\\/le-masque-noir-labo-de-creation\\\/#primaryimage\"},\"image\":{\"@id\":\"https:\\\/\\\/www.samverlen.com\\\/index.php\\\/events\\\/le-masque-noir-labo-de-creation\\\/#primaryimage\"},\"thumbnailUrl\":\"https:\\\/\\\/www.samverlen.com\\\/wp-content\\\/uploads\\\/2024\\\/01\\\/Le-masque-noir.jpg\",\"datePublished\":\"2024-01-03T09:13:51+00:00\",\"dateModified\":\"2024-01-03T09:15:31+00:00\",\"breadcrumb\":{\"@id\":\"https:\\\/\\\/www.samverlen.com\\\/index.php\\\/events\\\/le-masque-noir-labo-de-creation\\\/#breadcrumb\"},\"inLanguage\":\"fr-FR\",\"potentialAction\":[{\"@type\":\"ReadAction\",\"target\":[\"https:\\\/\\\/www.samverlen.com\\\/index.php\\\/events\\\/le-masque-noir-labo-de-creation\\\/\"]}]},{\"@type\":\"ImageObject\",\"inLanguage\":\"fr-FR\",\"@id\":\"https:\\\/\\\/www.samverlen.com\\\/index.php\\\/events\\\/le-masque-noir-labo-de-creation\\\/#primaryimage\",\"url\":\"https:\\\/\\\/www.samverlen.com\\\/wp-content\\\/uploads\\\/2024\\\/01\\\/Le-masque-noir.jpg\",\"contentUrl\":\"https:\\\/\\\/www.samverlen.com\\\/wp-content\\\/uploads\\\/2024\\\/01\\\/Le-masque-noir.jpg\",\"width\":300,\"height\":300},{\"@type\":\"BreadcrumbList\",\"@id\":\"https:\\\/\\\/www.samverlen.com\\\/index.php\\\/events\\\/le-masque-noir-labo-de-creation\\\/#breadcrumb\",\"itemListElement\":[{\"@type\":\"ListItem\",\"position\":1,\"name\":\"Accueil\",\"item\":\"https:\\\/\\\/www.samverlen.com\\\/\"},{\"@type\":\"ListItem\",\"position\":2,\"name\":\"Events\",\"item\":\"https:\\\/\\\/www.samverlen.com\\\/index.php\\\/events\\\/\"},{\"@type\":\"ListItem\",\"position\":3,\"name\":\"LE MASQUE NOIR (*) &#8211; labo de cr\u00e9ation\"}]},{\"@type\":\"WebSite\",\"@id\":\"https:\\\/\\\/www.samverlen.com\\\/#website\",\"url\":\"https:\\\/\\\/www.samverlen.com\\\/\",\"name\":\"Sam Verlen\",\"description\":\"Chercheur de po\u00e9sie sonore \\\/\\\/ Compositeur, musicien\",\"potentialAction\":[{\"@type\":\"SearchAction\",\"target\":{\"@type\":\"EntryPoint\",\"urlTemplate\":\"https:\\\/\\\/www.samverlen.com\\\/?s={search_term_string}\"},\"query-input\":{\"@type\":\"PropertyValueSpecification\",\"valueRequired\":true,\"valueName\":\"search_term_string\"}}],\"inLanguage\":\"fr-FR\"}]}<\/script>\n<!-- \/ Yoast SEO plugin. -->","yoast_head_json":{"title":"LE MASQUE NOIR (*) - labo de cr\u00e9ation - Sam Verlen","robots":{"index":"index","follow":"follow","max-snippet":"max-snippet:-1","max-image-preview":"max-image-preview:large","max-video-preview":"max-video-preview:-1"},"canonical":"https:\/\/www.samverlen.com\/index.php\/events\/le-masque-noir-labo-de-creation\/","og_locale":"fr_FR","og_type":"article","og_title":"LE MASQUE NOIR (*) - labo de cr\u00e9ation - Sam Verlen","og_description":"Premi\u00e8res exp\u00e9rimentations pour un futur spectacle avec Heol Jeffroy, Gregory Bouchet et Fran\u00e7ois Marsollier(*) nom temporaire Le grand logis &#8211; BRUZ (35)","og_url":"https:\/\/www.samverlen.com\/index.php\/events\/le-masque-noir-labo-de-creation\/","og_site_name":"Sam Verlen","article_publisher":"https:\/\/www.facebook.com\/sverlen","article_modified_time":"2024-01-03T09:15:31+00:00","og_image":[{"width":300,"height":300,"url":"https:\/\/www.samverlen.com\/wp-content\/uploads\/2024\/01\/Le-masque-noir.jpg","type":"image\/jpeg"}],"twitter_card":"summary_large_image","twitter_site":"@samverlen","twitter_misc":{"Dur\u00e9e de lecture estim\u00e9e":"1 minute"},"schema":{"@context":"https:\/\/schema.org","@graph":[{"@type":"WebPage","@id":"https:\/\/www.samverlen.com\/index.php\/events\/le-masque-noir-labo-de-creation\/","url":"https:\/\/www.samverlen.com\/index.php\/events\/le-masque-noir-labo-de-creation\/","name":"LE MASQUE NOIR (*) - labo de cr\u00e9ation - Sam Verlen","isPartOf":{"@id":"https:\/\/www.samverlen.com\/#website"},"primaryImageOfPage":{"@id":"https:\/\/www.samverlen.com\/index.php\/events\/le-masque-noir-labo-de-creation\/#primaryimage"},"image":{"@id":"https:\/\/www.samverlen.com\/index.php\/events\/le-masque-noir-labo-de-creation\/#primaryimage"},"thumbnailUrl":"https:\/\/www.samverlen.com\/wp-content\/uploads\/2024\/01\/Le-masque-noir.jpg","datePublished":"2024-01-03T09:13:51+00:00","dateModified":"2024-01-03T09:15:31+00:00","breadcrumb":{"@id":"https:\/\/www.samverlen.com\/index.php\/events\/le-masque-noir-labo-de-creation\/#breadcrumb"},"inLanguage":"fr-FR","potentialAction":[{"@type":"ReadAction","target":["https:\/\/www.samverlen.com\/index.php\/events\/le-masque-noir-labo-de-creation\/"]}]},{"@type":"ImageObject","inLanguage":"fr-FR","@id":"https:\/\/www.samverlen.com\/index.php\/events\/le-masque-noir-labo-de-creation\/#primaryimage","url":"https:\/\/www.samverlen.com\/wp-content\/uploads\/2024\/01\/Le-masque-noir.jpg","contentUrl":"https:\/\/www.samverlen.com\/wp-content\/uploads\/2024\/01\/Le-masque-noir.jpg","width":300,"height":300},{"@type":"BreadcrumbList","@id":"https:\/\/www.samverlen.com\/index.php\/events\/le-masque-noir-labo-de-creation\/#breadcrumb","itemListElement":[{"@type":"ListItem","position":1,"name":"Accueil","item":"https:\/\/www.samverlen.com\/"},{"@type":"ListItem","position":2,"name":"Events","item":"https:\/\/www.samverlen.com\/index.php\/events\/"},{"@type":"ListItem","position":3,"name":"LE MASQUE NOIR (*) &#8211; labo de cr\u00e9ation"}]},{"@type":"WebSite","@id":"https:\/\/www.samverlen.com\/#website","url":"https:\/\/www.samverlen.com\/","name":"Sam Verlen","description":"Chercheur de po\u00e9sie sonore \/\/ Compositeur, musicien","potentialAction":[{"@type":"SearchAction","target":{"@type":"EntryPoint","urlTemplate":"https:\/\/www.samverlen.com\/?s={search_term_string}"},"query-input":{"@type":"PropertyValueSpecification","valueRequired":true,"valueName":"search_term_string"}}],"inLanguage":"fr-FR"}]}},"_links":{"self":[{"href":"https:\/\/www.samverlen.com\/index.php\/wp-json\/wp\/v2\/ajde_events\/1890","targetHints":{"allow":["GET"]}}],"collection":[{"href":"https:\/\/www.samverlen.com\/index.php\/wp-json\/wp\/v2\/ajde_events"}],"about":[{"href":"https:\/\/www.samverlen.com\/index.php\/wp-json\/wp\/v2\/types\/ajde_events"}],"author":[{"embeddable":true,"href":"https:\/\/www.samverlen.com\/index.php\/wp-json\/wp\/v2\/users\/1"}],"replies":[{"embeddable":true,"href":"https:\/\/www.samverlen.com\/index.php\/wp-json\/wp\/v2\/comments?post=1890"}],"wp:featuredmedia":[{"embeddable":true,"href":"https:\/\/www.samverlen.com\/index.php\/wp-json\/wp\/v2\/media\/1891"}],"wp:attachment":[{"href":"https:\/\/www.samverlen.com\/index.php\/wp-json\/wp\/v2\/media?parent=1890"}],"wp:term":[{"taxonomy":"post_tag","embeddable":true,"href":"https:\/\/www.samverlen.com\/index.php\/wp-json\/wp\/v2\/tags?post=1890"},{"taxonomy":"event_type","embeddable":true,"href":"https:\/\/www.samverlen.com\/index.php\/wp-json\/wp\/v2\/event_type?post=1890"},{"taxonomy":"event_type_2","embeddable":true,"href":"https:\/\/www.samverlen.com\/index.php\/wp-json\/wp\/v2\/event_type_2?post=1890"}],"curies":[{"name":"wp","href":"https:\/\/api.w.org\/{rel}","templated":true}]}}

LE MASQUE NOIR (*) &#8211; labo de création

<p>Premières expérimentations pour un futur spectacle avec Heol Jeffroy, Gregory Bouchet et François Marsollier<br>(*) nom temporaire</p>



<p>Le grand logis &#8211; BRUZ (35)</p>
<p></p>

<!-- This site is optimized with the Yoast SEO plugin v27.5 - https://yoast.com/product/yoast-seo-wordpress/ -->
<title>LE MASQUE NOIR (*) - labo de création - Sam Verlen</title>
<meta name="robots" content="index, follow, max-snippet:-1, max-image-preview:large, max-video-preview:-1" />
<link rel="canonical" href="https://www.samverlen.com/index.php/events/le-masque-noir-labo-de-creation/" />
<meta property="og:locale" content="fr_FR" />
<meta property="og:type" content="article" />
<meta property="og:title" content="LE MASQUE NOIR (*) - labo de création - Sam Verlen" />
<meta property="og:description" content="Premières expérimentations pour un futur spectacle avec Heol Jeffroy, Gregory Bouchet et François Marsollier(*) nom temporaire Le grand logis &#8211; BRUZ (35)" />
<meta property="og:url" content="https://www.samverlen.com/index.php/events/le-masque-noir-labo-de-creation/" />
<meta property="og:site_name" content="Sam Verlen" />
<meta property="article:publisher" content="https://www.facebook.com/sverlen" />
<meta property="article:modified_time" content="2024-01-03T09:15:31+00:00" />
<meta property="og:image" content="https://www.samverlen.com/wp-content/uploads/2024/01/Le-masque-noir.jpg" />
	<meta property="og:image:width" content="300" />
	<meta property="og:image:height" content="300" />
	<meta property="og:image:type" content="image/jpeg" />
<meta name="twitter:card" content="summary_large_image" />
<meta name="twitter:site" content="@samverlen" />
<meta name="twitter:label1" content="Durée de lecture estimée" />
	<meta name="twitter:data1" content="1 minute" />
<script type="application/ld+json" class="yoast-schema-graph">{"@context":"https:\/\/schema.org","@graph":[{"@type":"WebPage","@id":"https:\/\/www.samverlen.com\/index.php\/events\/le-masque-noir-labo-de-creation\/","url":"https:\/\/www.samverlen.com\/index.php\/events\/le-masque-noir-labo-de-creation\/","name":"LE MASQUE NOIR (*) - labo de création - Sam Verlen","isPartOf":{"@id":"https:\/\/www.samverlen.com\/#website"},"primaryImageOfPage":{"@id":"https:\/\/www.samverlen.com\/index.php\/events\/le-masque-noir-labo-de-creation\/#primaryimage"},"image":{"@id":"https:\/\/www.samverlen.com\/index.php\/events\/le-masque-noir-labo-de-creation\/#primaryimage"},"thumbnailUrl":"https:\/\/www.samverlen.com\/wp-content\/uploads\/2024\/01\/Le-masque-noir.jpg","datePublished":"2024-01-03T09:13:51+00:00","dateModified":"2024-01-03T09:15:31+00:00","breadcrumb":{"@id":"https:\/\/www.samverlen.com\/index.php\/events\/le-masque-noir-labo-de-creation\/#breadcrumb"},"inLanguage":"fr-FR","potentialAction":[{"@type":"ReadAction","target":["https:\/\/www.samverlen.com\/index.php\/events\/le-masque-noir-labo-de-creation\/"]}]},{"@type":"ImageObject","inLanguage":"fr-FR","@id":"https:\/\/www.samverlen.com\/index.php\/events\/le-masque-noir-labo-de-creation\/#primaryimage","url":"https:\/\/www.samverlen.com\/wp-content\/uploads\/2024\/01\/Le-masque-noir.jpg","contentUrl":"https:\/\/www.samverlen.com\/wp-content\/uploads\/2024\/01\/Le-masque-noir.jpg","width":300,"height":300},{"@type":"BreadcrumbList","@id":"https:\/\/www.samverlen.com\/index.php\/events\/le-masque-noir-labo-de-creation\/#breadcrumb","itemListElement":[{"@type":"ListItem","position":1,"name":"Accueil","item":"https:\/\/www.samverlen.com\/"},{"@type":"ListItem","position":2,"name":"Events","item":"https:\/\/www.samverlen.com\/index.php\/events\/"},{"@type":"ListItem","position":3,"name":"LE MASQUE NOIR (*) &#8211; labo de création"}]},{"@type":"WebSite","@id":"https:\/\/www.samverlen.com\/#website","url":"https:\/\/www.samverlen.com\/","name":"Sam Verlen","description":"Chercheur de poésie sonore \/\/ Compositeur, musicien","potentialAction":[{"@type":"SearchAction","target":{"@type":"EntryPoint","urlTemplate":"https:\/\/www.samverlen.com\/?s={search_term_string}"},"query-input":{"@type":"PropertyValueSpecification","valueRequired":true,"valueName":"search_term_string"}}],"inLanguage":"fr-FR"}]}</script>
<!-- / Yoast SEO plugin. -->

LE MASQUE NOIR (*) - labo de création - Sam Verlen

Premières expérimentations pour un futur spectacle avec Heol Jeffroy, Gregory Bouchet et François Marsollier(*) nom temporaire Le grand logis &#8211; BRUZ (35)

Chercheur de poésie sonore // Compositeur, musicien
