{"id":2406,"date":"2024-12-26T09:50:27","date_gmt":"2024-12-26T08:50:27","guid":{"rendered":"https:\/\/www.samverlen.com\/index.php\/events\/les-forets-vagabondes-residence-de-creation-festival-mythos\/"},"modified":"2024-12-26T09:51:23","modified_gmt":"2024-12-26T08:51:23","slug":"les-forets-vagabondes-residence-de-creation-festival-mythos","status":"publish","type":"ajde_events","link":"https:\/\/www.samverlen.com\/index.php\/events\/les-forets-vagabondes-residence-de-creation-festival-mythos\/","title":{"rendered":"LES FOR\u00caTS VAGABONDES &#8211; r\u00e9sidence de cr\u00e9ation Festival MYTHOS"},"content":{"rendered":"\n<p>\u00c9tang des Maffrais, Liffr\u00e9, France<\/p>\n\n\n\n<p><\/p>\n\n\n\n<p>Avec Virginie Guilluy, Jef Noa et H\u00e9l\u00e8ne L&rsquo;hours<br><br>https:\/\/www.ville-liffre.fr\/evenement\/les-forets-vagabondes\/<\/p>\n\n\n\n<p><\/p>\n<p><\/p>","protected":false},"author":1,"featured_media":2404,"menu_order":0,"comment_status":"closed","ping_status":"closed","template":"","meta":{"_et_pb_use_builder":"","_et_pb_old_content":"","_et_gb_content_width":""},"tags":[],"event_type":[25],"event_type_2":[],"class_list":["post-2406","ajde_events","type-ajde_events","status-publish","has-post-thumbnail","hentry","event_type-spectacle-op"],"yoast_head":"<!-- This site is optimized with the Yoast SEO plugin v27.5 - https:\/\/yoast.com\/product\/yoast-seo-wordpress\/ -->\n<title>LES FOR\u00caTS VAGABONDES - r\u00e9sidence de cr\u00e9ation Festival MYTHOS - Sam Verlen<\/title>\n<meta name=\"robots\" content=\"index, follow, max-snippet:-1, max-image-preview:large, max-video-preview:-1\" \/>\n<link rel=\"canonical\" href=\"https:\/\/www.samverlen.com\/index.php\/events\/les-forets-vagabondes-residence-de-creation-festival-mythos\/\" \/>\n<meta property=\"og:locale\" content=\"fr_FR\" \/>\n<meta property=\"og:type\" content=\"article\" \/>\n<meta property=\"og:title\" content=\"LES FOR\u00caTS VAGABONDES - r\u00e9sidence de cr\u00e9ation Festival MYTHOS - Sam Verlen\" \/>\n<meta property=\"og:description\" content=\"\u00c9tang des Maffrais, Liffr\u00e9, France Avec Virginie Guilluy, Jef Noa et H\u00e9l\u00e8ne L&rsquo;hours https:\/\/www.ville-liffre.fr\/evenement\/les-forets-vagabondes\/\" \/>\n<meta property=\"og:url\" content=\"https:\/\/www.samverlen.com\/index.php\/events\/les-forets-vagabondes-residence-de-creation-festival-mythos\/\" \/>\n<meta property=\"og:site_name\" content=\"Sam Verlen\" \/>\n<meta property=\"article:publisher\" content=\"https:\/\/www.facebook.com\/sverlen\" \/>\n<meta property=\"article:modified_time\" content=\"2024-12-26T08:51:23+00:00\" \/>\n<meta property=\"og:image\" content=\"https:\/\/www.samverlen.com\/wp-content\/uploads\/2024\/12\/25-04-05-lesforetsvagabondes.png\" \/>\n\t<meta property=\"og:image:width\" content=\"1200\" \/>\n\t<meta property=\"og:image:height\" content=\"630\" \/>\n\t<meta property=\"og:image:type\" content=\"image\/png\" \/>\n<meta name=\"twitter:card\" content=\"summary_large_image\" \/>\n<meta name=\"twitter:site\" content=\"@samverlen\" \/>\n<meta name=\"twitter:label1\" content=\"Dur\u00e9e de lecture estim\u00e9e\" \/>\n\t<meta name=\"twitter:data1\" content=\"1 minute\" \/>\n<script type=\"application\/ld+json\" class=\"yoast-schema-graph\">{\"@context\":\"https:\\\/\\\/schema.org\",\"@graph\":[{\"@type\":\"WebPage\",\"@id\":\"https:\\\/\\\/www.samverlen.com\\\/index.php\\\/events\\\/les-forets-vagabondes-residence-de-creation-festival-mythos\\\/\",\"url\":\"https:\\\/\\\/www.samverlen.com\\\/index.php\\\/events\\\/les-forets-vagabondes-residence-de-creation-festival-mythos\\\/\",\"name\":\"LES FOR\u00caTS VAGABONDES - r\u00e9sidence de cr\u00e9ation Festival MYTHOS - Sam Verlen\",\"isPartOf\":{\"@id\":\"https:\\\/\\\/www.samverlen.com\\\/#website\"},\"primaryImageOfPage\":{\"@id\":\"https:\\\/\\\/www.samverlen.com\\\/index.php\\\/events\\\/les-forets-vagabondes-residence-de-creation-festival-mythos\\\/#primaryimage\"},\"image\":{\"@id\":\"https:\\\/\\\/www.samverlen.com\\\/index.php\\\/events\\\/les-forets-vagabondes-residence-de-creation-festival-mythos\\\/#primaryimage\"},\"thumbnailUrl\":\"https:\\\/\\\/www.samverlen.com\\\/wp-content\\\/uploads\\\/2024\\\/12\\\/25-04-05-lesforetsvagabondes.png\",\"datePublished\":\"2024-12-26T08:50:27+00:00\",\"dateModified\":\"2024-12-26T08:51:23+00:00\",\"breadcrumb\":{\"@id\":\"https:\\\/\\\/www.samverlen.com\\\/index.php\\\/events\\\/les-forets-vagabondes-residence-de-creation-festival-mythos\\\/#breadcrumb\"},\"inLanguage\":\"fr-FR\",\"potentialAction\":[{\"@type\":\"ReadAction\",\"target\":[\"https:\\\/\\\/www.samverlen.com\\\/index.php\\\/events\\\/les-forets-vagabondes-residence-de-creation-festival-mythos\\\/\"]}]},{\"@type\":\"ImageObject\",\"inLanguage\":\"fr-FR\",\"@id\":\"https:\\\/\\\/www.samverlen.com\\\/index.php\\\/events\\\/les-forets-vagabondes-residence-de-creation-festival-mythos\\\/#primaryimage\",\"url\":\"https:\\\/\\\/www.samverlen.com\\\/wp-content\\\/uploads\\\/2024\\\/12\\\/25-04-05-lesforetsvagabondes.png\",\"contentUrl\":\"https:\\\/\\\/www.samverlen.com\\\/wp-content\\\/uploads\\\/2024\\\/12\\\/25-04-05-lesforetsvagabondes.png\",\"width\":1200,\"height\":630},{\"@type\":\"BreadcrumbList\",\"@id\":\"https:\\\/\\\/www.samverlen.com\\\/index.php\\\/events\\\/les-forets-vagabondes-residence-de-creation-festival-mythos\\\/#breadcrumb\",\"itemListElement\":[{\"@type\":\"ListItem\",\"position\":1,\"name\":\"Accueil\",\"item\":\"https:\\\/\\\/www.samverlen.com\\\/\"},{\"@type\":\"ListItem\",\"position\":2,\"name\":\"Events\",\"item\":\"https:\\\/\\\/www.samverlen.com\\\/index.php\\\/events\\\/\"},{\"@type\":\"ListItem\",\"position\":3,\"name\":\"LES FOR\u00caTS VAGABONDES &#8211; r\u00e9sidence de cr\u00e9ation Festival MYTHOS\"}]},{\"@type\":\"WebSite\",\"@id\":\"https:\\\/\\\/www.samverlen.com\\\/#website\",\"url\":\"https:\\\/\\\/www.samverlen.com\\\/\",\"name\":\"Sam Verlen\",\"description\":\"Chercheur de po\u00e9sie sonore \\\/\\\/ Compositeur, musicien\",\"potentialAction\":[{\"@type\":\"SearchAction\",\"target\":{\"@type\":\"EntryPoint\",\"urlTemplate\":\"https:\\\/\\\/www.samverlen.com\\\/?s={search_term_string}\"},\"query-input\":{\"@type\":\"PropertyValueSpecification\",\"valueRequired\":true,\"valueName\":\"search_term_string\"}}],\"inLanguage\":\"fr-FR\"}]}<\/script>\n<!-- \/ Yoast SEO plugin. -->","yoast_head_json":{"title":"LES FOR\u00caTS VAGABONDES - r\u00e9sidence de cr\u00e9ation Festival MYTHOS - Sam Verlen","robots":{"index":"index","follow":"follow","max-snippet":"max-snippet:-1","max-image-preview":"max-image-preview:large","max-video-preview":"max-video-preview:-1"},"canonical":"https:\/\/www.samverlen.com\/index.php\/events\/les-forets-vagabondes-residence-de-creation-festival-mythos\/","og_locale":"fr_FR","og_type":"article","og_title":"LES FOR\u00caTS VAGABONDES - r\u00e9sidence de cr\u00e9ation Festival MYTHOS - Sam Verlen","og_description":"\u00c9tang des Maffrais, Liffr\u00e9, France Avec Virginie Guilluy, Jef Noa et H\u00e9l\u00e8ne L&rsquo;hours https:\/\/www.ville-liffre.fr\/evenement\/les-forets-vagabondes\/","og_url":"https:\/\/www.samverlen.com\/index.php\/events\/les-forets-vagabondes-residence-de-creation-festival-mythos\/","og_site_name":"Sam Verlen","article_publisher":"https:\/\/www.facebook.com\/sverlen","article_modified_time":"2024-12-26T08:51:23+00:00","og_image":[{"width":1200,"height":630,"url":"https:\/\/www.samverlen.com\/wp-content\/uploads\/2024\/12\/25-04-05-lesforetsvagabondes.png","type":"image\/png"}],"twitter_card":"summary_large_image","twitter_site":"@samverlen","twitter_misc":{"Dur\u00e9e de lecture estim\u00e9e":"1 minute"},"schema":{"@context":"https:\/\/schema.org","@graph":[{"@type":"WebPage","@id":"https:\/\/www.samverlen.com\/index.php\/events\/les-forets-vagabondes-residence-de-creation-festival-mythos\/","url":"https:\/\/www.samverlen.com\/index.php\/events\/les-forets-vagabondes-residence-de-creation-festival-mythos\/","name":"LES FOR\u00caTS VAGABONDES - r\u00e9sidence de cr\u00e9ation Festival MYTHOS - Sam Verlen","isPartOf":{"@id":"https:\/\/www.samverlen.com\/#website"},"primaryImageOfPage":{"@id":"https:\/\/www.samverlen.com\/index.php\/events\/les-forets-vagabondes-residence-de-creation-festival-mythos\/#primaryimage"},"image":{"@id":"https:\/\/www.samverlen.com\/index.php\/events\/les-forets-vagabondes-residence-de-creation-festival-mythos\/#primaryimage"},"thumbnailUrl":"https:\/\/www.samverlen.com\/wp-content\/uploads\/2024\/12\/25-04-05-lesforetsvagabondes.png","datePublished":"2024-12-26T08:50:27+00:00","dateModified":"2024-12-26T08:51:23+00:00","breadcrumb":{"@id":"https:\/\/www.samverlen.com\/index.php\/events\/les-forets-vagabondes-residence-de-creation-festival-mythos\/#breadcrumb"},"inLanguage":"fr-FR","potentialAction":[{"@type":"ReadAction","target":["https:\/\/www.samverlen.com\/index.php\/events\/les-forets-vagabondes-residence-de-creation-festival-mythos\/"]}]},{"@type":"ImageObject","inLanguage":"fr-FR","@id":"https:\/\/www.samverlen.com\/index.php\/events\/les-forets-vagabondes-residence-de-creation-festival-mythos\/#primaryimage","url":"https:\/\/www.samverlen.com\/wp-content\/uploads\/2024\/12\/25-04-05-lesforetsvagabondes.png","contentUrl":"https:\/\/www.samverlen.com\/wp-content\/uploads\/2024\/12\/25-04-05-lesforetsvagabondes.png","width":1200,"height":630},{"@type":"BreadcrumbList","@id":"https:\/\/www.samverlen.com\/index.php\/events\/les-forets-vagabondes-residence-de-creation-festival-mythos\/#breadcrumb","itemListElement":[{"@type":"ListItem","position":1,"name":"Accueil","item":"https:\/\/www.samverlen.com\/"},{"@type":"ListItem","position":2,"name":"Events","item":"https:\/\/www.samverlen.com\/index.php\/events\/"},{"@type":"ListItem","position":3,"name":"LES FOR\u00caTS VAGABONDES &#8211; r\u00e9sidence de cr\u00e9ation Festival MYTHOS"}]},{"@type":"WebSite","@id":"https:\/\/www.samverlen.com\/#website","url":"https:\/\/www.samverlen.com\/","name":"Sam Verlen","description":"Chercheur de po\u00e9sie sonore \/\/ Compositeur, musicien","potentialAction":[{"@type":"SearchAction","target":{"@type":"EntryPoint","urlTemplate":"https:\/\/www.samverlen.com\/?s={search_term_string}"},"query-input":{"@type":"PropertyValueSpecification","valueRequired":true,"valueName":"search_term_string"}}],"inLanguage":"fr-FR"}]}},"_links":{"self":[{"href":"https:\/\/www.samverlen.com\/index.php\/wp-json\/wp\/v2\/ajde_events\/2406","targetHints":{"allow":["GET"]}}],"collection":[{"href":"https:\/\/www.samverlen.com\/index.php\/wp-json\/wp\/v2\/ajde_events"}],"about":[{"href":"https:\/\/www.samverlen.com\/index.php\/wp-json\/wp\/v2\/types\/ajde_events"}],"author":[{"embeddable":true,"href":"https:\/\/www.samverlen.com\/index.php\/wp-json\/wp\/v2\/users\/1"}],"replies":[{"embeddable":true,"href":"https:\/\/www.samverlen.com\/index.php\/wp-json\/wp\/v2\/comments?post=2406"}],"wp:featuredmedia":[{"embeddable":true,"href":"https:\/\/www.samverlen.com\/index.php\/wp-json\/wp\/v2\/media\/2404"}],"wp:attachment":[{"href":"https:\/\/www.samverlen.com\/index.php\/wp-json\/wp\/v2\/media?parent=2406"}],"wp:term":[{"taxonomy":"post_tag","embeddable":true,"href":"https:\/\/www.samverlen.com\/index.php\/wp-json\/wp\/v2\/tags?post=2406"},{"taxonomy":"event_type","embeddable":true,"href":"https:\/\/www.samverlen.com\/index.php\/wp-json\/wp\/v2\/event_type?post=2406"},{"taxonomy":"event_type_2","embeddable":true,"href":"https:\/\/www.samverlen.com\/index.php\/wp-json\/wp\/v2\/event_type_2?post=2406"}],"curies":[{"name":"wp","href":"https:\/\/api.w.org\/{rel}","templated":true}]}}

LES FORÊTS VAGABONDES &#8211; résidence de création Festival MYTHOS

<p>Étang des Maffrais, Liffré, France</p>



<p></p>



<p>Avec Virginie Guilluy, Jef Noa et Hélène L&rsquo;hours<br><br>https://www.ville-liffre.fr/evenement/les-forets-vagabondes/</p>



<p></p>
<p></p>

<!-- This site is optimized with the Yoast SEO plugin v27.5 - https://yoast.com/product/yoast-seo-wordpress/ -->
<title>LES FORÊTS VAGABONDES - résidence de création Festival MYTHOS - Sam Verlen</title>
<meta name="robots" content="index, follow, max-snippet:-1, max-image-preview:large, max-video-preview:-1" />
<link rel="canonical" href="https://www.samverlen.com/index.php/events/les-forets-vagabondes-residence-de-creation-festival-mythos/" />
<meta property="og:locale" content="fr_FR" />
<meta property="og:type" content="article" />
<meta property="og:title" content="LES FORÊTS VAGABONDES - résidence de création Festival MYTHOS - Sam Verlen" />
<meta property="og:description" content="Étang des Maffrais, Liffré, France Avec Virginie Guilluy, Jef Noa et Hélène L&rsquo;hours https://www.ville-liffre.fr/evenement/les-forets-vagabondes/" />
<meta property="og:url" content="https://www.samverlen.com/index.php/events/les-forets-vagabondes-residence-de-creation-festival-mythos/" />
<meta property="og:site_name" content="Sam Verlen" />
<meta property="article:publisher" content="https://www.facebook.com/sverlen" />
<meta property="article:modified_time" content="2024-12-26T08:51:23+00:00" />
<meta property="og:image" content="https://www.samverlen.com/wp-content/uploads/2024/12/25-04-05-lesforetsvagabondes.png" />
	<meta property="og:image:width" content="1200" />
	<meta property="og:image:height" content="630" />
	<meta property="og:image:type" content="image/png" />
<meta name="twitter:card" content="summary_large_image" />
<meta name="twitter:site" content="@samverlen" />
<meta name="twitter:label1" content="Durée de lecture estimée" />
	<meta name="twitter:data1" content="1 minute" />
<script type="application/ld+json" class="yoast-schema-graph">{"@context":"https:\/\/schema.org","@graph":[{"@type":"WebPage","@id":"https:\/\/www.samverlen.com\/index.php\/events\/les-forets-vagabondes-residence-de-creation-festival-mythos\/","url":"https:\/\/www.samverlen.com\/index.php\/events\/les-forets-vagabondes-residence-de-creation-festival-mythos\/","name":"LES FORÊTS VAGABONDES - résidence de création Festival MYTHOS - Sam Verlen","isPartOf":{"@id":"https:\/\/www.samverlen.com\/#website"},"primaryImageOfPage":{"@id":"https:\/\/www.samverlen.com\/index.php\/events\/les-forets-vagabondes-residence-de-creation-festival-mythos\/#primaryimage"},"image":{"@id":"https:\/\/www.samverlen.com\/index.php\/events\/les-forets-vagabondes-residence-de-creation-festival-mythos\/#primaryimage"},"thumbnailUrl":"https:\/\/www.samverlen.com\/wp-content\/uploads\/2024\/12\/25-04-05-lesforetsvagabondes.png","datePublished":"2024-12-26T08:50:27+00:00","dateModified":"2024-12-26T08:51:23+00:00","breadcrumb":{"@id":"https:\/\/www.samverlen.com\/index.php\/events\/les-forets-vagabondes-residence-de-creation-festival-mythos\/#breadcrumb"},"inLanguage":"fr-FR","potentialAction":[{"@type":"ReadAction","target":["https:\/\/www.samverlen.com\/index.php\/events\/les-forets-vagabondes-residence-de-creation-festival-mythos\/"]}]},{"@type":"ImageObject","inLanguage":"fr-FR","@id":"https:\/\/www.samverlen.com\/index.php\/events\/les-forets-vagabondes-residence-de-creation-festival-mythos\/#primaryimage","url":"https:\/\/www.samverlen.com\/wp-content\/uploads\/2024\/12\/25-04-05-lesforetsvagabondes.png","contentUrl":"https:\/\/www.samverlen.com\/wp-content\/uploads\/2024\/12\/25-04-05-lesforetsvagabondes.png","width":1200,"height":630},{"@type":"BreadcrumbList","@id":"https:\/\/www.samverlen.com\/index.php\/events\/les-forets-vagabondes-residence-de-creation-festival-mythos\/#breadcrumb","itemListElement":[{"@type":"ListItem","position":1,"name":"Accueil","item":"https:\/\/www.samverlen.com\/"},{"@type":"ListItem","position":2,"name":"Events","item":"https:\/\/www.samverlen.com\/index.php\/events\/"},{"@type":"ListItem","position":3,"name":"LES FORÊTS VAGABONDES &#8211; résidence de création Festival MYTHOS"}]},{"@type":"WebSite","@id":"https:\/\/www.samverlen.com\/#website","url":"https:\/\/www.samverlen.com\/","name":"Sam Verlen","description":"Chercheur de poésie sonore \/\/ Compositeur, musicien","potentialAction":[{"@type":"SearchAction","target":{"@type":"EntryPoint","urlTemplate":"https:\/\/www.samverlen.com\/?s={search_term_string}"},"query-input":{"@type":"PropertyValueSpecification","valueRequired":true,"valueName":"search_term_string"}}],"inLanguage":"fr-FR"}]}</script>
<!-- / Yoast SEO plugin. -->

LES FORÊTS VAGABONDES - résidence de création Festival MYTHOS - Sam Verlen

Étang des Maffrais, Liffré, France Avec Virginie Guilluy, Jef Noa et Hélène L&rsquo;hours https://www.ville-liffre.fr/evenement/les-forets-vagabondes/

Chercheur de poésie sonore // Compositeur, musicien
