{"id":2442,"date":"2025-08-23T08:59:09","date_gmt":"2025-08-23T06:59:09","guid":{"rendered":"https:\/\/www.samverlen.com\/index.php\/events\/mecanique-du-souffle-installation-sonore\/"},"modified":"2025-08-23T09:02:06","modified_gmt":"2025-08-23T07:02:06","slug":"mecanique-du-souffle-installation-sonore","status":"publish","type":"ajde_events","link":"https:\/\/www.samverlen.com\/index.php\/events\/mecanique-du-souffle-installation-sonore\/","title":{"rendered":"M\u00c9CANIQUE DU SOUFFLE &#8211; installation sonore"},"content":{"rendered":"\n<p>Avec l&rsquo;orchesstrrion Phil\u00e9as<\/p>\n\n\n\n<p><\/p>\n\n\n\n<p>ST BRIEUC (22) &#8211; Mus\u00e9e \/ Festival \u00ab\u00a0Le temps des sciences\u00a0\u00bb<\/p>\n<p><\/p>","protected":false},"author":1,"featured_media":2335,"menu_order":0,"comment_status":"closed","ping_status":"closed","template":"","meta":{"_et_pb_use_builder":"","_et_pb_old_content":"","_et_gb_content_width":""},"tags":[],"event_type":[25],"event_type_2":[],"class_list":["post-2442","ajde_events","type-ajde_events","status-publish","has-post-thumbnail","hentry","event_type-spectacle-op"],"yoast_head":"<!-- This site is optimized with the Yoast SEO plugin v27.5 - https:\/\/yoast.com\/product\/yoast-seo-wordpress\/ -->\n<title>M\u00c9CANIQUE DU SOUFFLE - installation sonore - Sam Verlen<\/title>\n<meta name=\"robots\" content=\"index, follow, max-snippet:-1, max-image-preview:large, max-video-preview:-1\" \/>\n<link rel=\"canonical\" href=\"https:\/\/www.samverlen.com\/index.php\/events\/mecanique-du-souffle-installation-sonore\/\" \/>\n<meta property=\"og:locale\" content=\"fr_FR\" \/>\n<meta property=\"og:type\" content=\"article\" \/>\n<meta property=\"og:title\" content=\"M\u00c9CANIQUE DU SOUFFLE - installation sonore - Sam Verlen\" \/>\n<meta property=\"og:description\" content=\"Avec l&rsquo;orchesstrrion Phil\u00e9as ST BRIEUC (22) &#8211; Mus\u00e9e \/ Festival \u00ab\u00a0Le temps des sciences\u00a0\u00bb\" \/>\n<meta property=\"og:url\" content=\"https:\/\/www.samverlen.com\/index.php\/events\/mecanique-du-souffle-installation-sonore\/\" \/>\n<meta property=\"og:site_name\" content=\"Sam Verlen\" \/>\n<meta property=\"article:publisher\" content=\"https:\/\/www.facebook.com\/sverlen\" \/>\n<meta property=\"article:modified_time\" content=\"2025-08-23T07:02:06+00:00\" \/>\n<meta property=\"og:image\" content=\"https:\/\/www.samverlen.com\/wp-content\/uploads\/2024\/09\/RecitPhileas.jpg\" \/>\n\t<meta property=\"og:image:width\" content=\"1000\" \/>\n\t<meta property=\"og:image:height\" content=\"1305\" \/>\n\t<meta property=\"og:image:type\" content=\"image\/jpeg\" \/>\n<meta name=\"twitter:card\" content=\"summary_large_image\" \/>\n<meta name=\"twitter:site\" content=\"@samverlen\" \/>\n<meta name=\"twitter:label1\" content=\"Dur\u00e9e de lecture estim\u00e9e\" \/>\n\t<meta name=\"twitter:data1\" content=\"1 minute\" \/>\n<script type=\"application\/ld+json\" class=\"yoast-schema-graph\">{\"@context\":\"https:\\\/\\\/schema.org\",\"@graph\":[{\"@type\":\"WebPage\",\"@id\":\"https:\\\/\\\/www.samverlen.com\\\/index.php\\\/events\\\/mecanique-du-souffle-installation-sonore\\\/\",\"url\":\"https:\\\/\\\/www.samverlen.com\\\/index.php\\\/events\\\/mecanique-du-souffle-installation-sonore\\\/\",\"name\":\"M\u00c9CANIQUE DU SOUFFLE - installation sonore - Sam Verlen\",\"isPartOf\":{\"@id\":\"https:\\\/\\\/www.samverlen.com\\\/#website\"},\"primaryImageOfPage\":{\"@id\":\"https:\\\/\\\/www.samverlen.com\\\/index.php\\\/events\\\/mecanique-du-souffle-installation-sonore\\\/#primaryimage\"},\"image\":{\"@id\":\"https:\\\/\\\/www.samverlen.com\\\/index.php\\\/events\\\/mecanique-du-souffle-installation-sonore\\\/#primaryimage\"},\"thumbnailUrl\":\"https:\\\/\\\/www.samverlen.com\\\/wp-content\\\/uploads\\\/2024\\\/09\\\/RecitPhileas.jpg\",\"datePublished\":\"2025-08-23T06:59:09+00:00\",\"dateModified\":\"2025-08-23T07:02:06+00:00\",\"breadcrumb\":{\"@id\":\"https:\\\/\\\/www.samverlen.com\\\/index.php\\\/events\\\/mecanique-du-souffle-installation-sonore\\\/#breadcrumb\"},\"inLanguage\":\"fr-FR\",\"potentialAction\":[{\"@type\":\"ReadAction\",\"target\":[\"https:\\\/\\\/www.samverlen.com\\\/index.php\\\/events\\\/mecanique-du-souffle-installation-sonore\\\/\"]}]},{\"@type\":\"ImageObject\",\"inLanguage\":\"fr-FR\",\"@id\":\"https:\\\/\\\/www.samverlen.com\\\/index.php\\\/events\\\/mecanique-du-souffle-installation-sonore\\\/#primaryimage\",\"url\":\"https:\\\/\\\/www.samverlen.com\\\/wp-content\\\/uploads\\\/2024\\\/09\\\/RecitPhileas.jpg\",\"contentUrl\":\"https:\\\/\\\/www.samverlen.com\\\/wp-content\\\/uploads\\\/2024\\\/09\\\/RecitPhileas.jpg\",\"width\":1000,\"height\":1305},{\"@type\":\"BreadcrumbList\",\"@id\":\"https:\\\/\\\/www.samverlen.com\\\/index.php\\\/events\\\/mecanique-du-souffle-installation-sonore\\\/#breadcrumb\",\"itemListElement\":[{\"@type\":\"ListItem\",\"position\":1,\"name\":\"Accueil\",\"item\":\"https:\\\/\\\/www.samverlen.com\\\/\"},{\"@type\":\"ListItem\",\"position\":2,\"name\":\"Events\",\"item\":\"https:\\\/\\\/www.samverlen.com\\\/index.php\\\/events\\\/\"},{\"@type\":\"ListItem\",\"position\":3,\"name\":\"M\u00c9CANIQUE DU SOUFFLE &#8211; installation sonore\"}]},{\"@type\":\"WebSite\",\"@id\":\"https:\\\/\\\/www.samverlen.com\\\/#website\",\"url\":\"https:\\\/\\\/www.samverlen.com\\\/\",\"name\":\"Sam Verlen\",\"description\":\"Chercheur de po\u00e9sie sonore \\\/\\\/ Compositeur, musicien\",\"potentialAction\":[{\"@type\":\"SearchAction\",\"target\":{\"@type\":\"EntryPoint\",\"urlTemplate\":\"https:\\\/\\\/www.samverlen.com\\\/?s={search_term_string}\"},\"query-input\":{\"@type\":\"PropertyValueSpecification\",\"valueRequired\":true,\"valueName\":\"search_term_string\"}}],\"inLanguage\":\"fr-FR\"}]}<\/script>\n<!-- \/ Yoast SEO plugin. -->","yoast_head_json":{"title":"M\u00c9CANIQUE DU SOUFFLE - installation sonore - Sam Verlen","robots":{"index":"index","follow":"follow","max-snippet":"max-snippet:-1","max-image-preview":"max-image-preview:large","max-video-preview":"max-video-preview:-1"},"canonical":"https:\/\/www.samverlen.com\/index.php\/events\/mecanique-du-souffle-installation-sonore\/","og_locale":"fr_FR","og_type":"article","og_title":"M\u00c9CANIQUE DU SOUFFLE - installation sonore - Sam Verlen","og_description":"Avec l&rsquo;orchesstrrion Phil\u00e9as ST BRIEUC (22) &#8211; Mus\u00e9e \/ Festival \u00ab\u00a0Le temps des sciences\u00a0\u00bb","og_url":"https:\/\/www.samverlen.com\/index.php\/events\/mecanique-du-souffle-installation-sonore\/","og_site_name":"Sam Verlen","article_publisher":"https:\/\/www.facebook.com\/sverlen","article_modified_time":"2025-08-23T07:02:06+00:00","og_image":[{"width":1000,"height":1305,"url":"https:\/\/www.samverlen.com\/wp-content\/uploads\/2024\/09\/RecitPhileas.jpg","type":"image\/jpeg"}],"twitter_card":"summary_large_image","twitter_site":"@samverlen","twitter_misc":{"Dur\u00e9e de lecture estim\u00e9e":"1 minute"},"schema":{"@context":"https:\/\/schema.org","@graph":[{"@type":"WebPage","@id":"https:\/\/www.samverlen.com\/index.php\/events\/mecanique-du-souffle-installation-sonore\/","url":"https:\/\/www.samverlen.com\/index.php\/events\/mecanique-du-souffle-installation-sonore\/","name":"M\u00c9CANIQUE DU SOUFFLE - installation sonore - Sam Verlen","isPartOf":{"@id":"https:\/\/www.samverlen.com\/#website"},"primaryImageOfPage":{"@id":"https:\/\/www.samverlen.com\/index.php\/events\/mecanique-du-souffle-installation-sonore\/#primaryimage"},"image":{"@id":"https:\/\/www.samverlen.com\/index.php\/events\/mecanique-du-souffle-installation-sonore\/#primaryimage"},"thumbnailUrl":"https:\/\/www.samverlen.com\/wp-content\/uploads\/2024\/09\/RecitPhileas.jpg","datePublished":"2025-08-23T06:59:09+00:00","dateModified":"2025-08-23T07:02:06+00:00","breadcrumb":{"@id":"https:\/\/www.samverlen.com\/index.php\/events\/mecanique-du-souffle-installation-sonore\/#breadcrumb"},"inLanguage":"fr-FR","potentialAction":[{"@type":"ReadAction","target":["https:\/\/www.samverlen.com\/index.php\/events\/mecanique-du-souffle-installation-sonore\/"]}]},{"@type":"ImageObject","inLanguage":"fr-FR","@id":"https:\/\/www.samverlen.com\/index.php\/events\/mecanique-du-souffle-installation-sonore\/#primaryimage","url":"https:\/\/www.samverlen.com\/wp-content\/uploads\/2024\/09\/RecitPhileas.jpg","contentUrl":"https:\/\/www.samverlen.com\/wp-content\/uploads\/2024\/09\/RecitPhileas.jpg","width":1000,"height":1305},{"@type":"BreadcrumbList","@id":"https:\/\/www.samverlen.com\/index.php\/events\/mecanique-du-souffle-installation-sonore\/#breadcrumb","itemListElement":[{"@type":"ListItem","position":1,"name":"Accueil","item":"https:\/\/www.samverlen.com\/"},{"@type":"ListItem","position":2,"name":"Events","item":"https:\/\/www.samverlen.com\/index.php\/events\/"},{"@type":"ListItem","position":3,"name":"M\u00c9CANIQUE DU SOUFFLE &#8211; installation sonore"}]},{"@type":"WebSite","@id":"https:\/\/www.samverlen.com\/#website","url":"https:\/\/www.samverlen.com\/","name":"Sam Verlen","description":"Chercheur de po\u00e9sie sonore \/\/ Compositeur, musicien","potentialAction":[{"@type":"SearchAction","target":{"@type":"EntryPoint","urlTemplate":"https:\/\/www.samverlen.com\/?s={search_term_string}"},"query-input":{"@type":"PropertyValueSpecification","valueRequired":true,"valueName":"search_term_string"}}],"inLanguage":"fr-FR"}]}},"_links":{"self":[{"href":"https:\/\/www.samverlen.com\/index.php\/wp-json\/wp\/v2\/ajde_events\/2442","targetHints":{"allow":["GET"]}}],"collection":[{"href":"https:\/\/www.samverlen.com\/index.php\/wp-json\/wp\/v2\/ajde_events"}],"about":[{"href":"https:\/\/www.samverlen.com\/index.php\/wp-json\/wp\/v2\/types\/ajde_events"}],"author":[{"embeddable":true,"href":"https:\/\/www.samverlen.com\/index.php\/wp-json\/wp\/v2\/users\/1"}],"replies":[{"embeddable":true,"href":"https:\/\/www.samverlen.com\/index.php\/wp-json\/wp\/v2\/comments?post=2442"}],"wp:featuredmedia":[{"embeddable":true,"href":"https:\/\/www.samverlen.com\/index.php\/wp-json\/wp\/v2\/media\/2335"}],"wp:attachment":[{"href":"https:\/\/www.samverlen.com\/index.php\/wp-json\/wp\/v2\/media?parent=2442"}],"wp:term":[{"taxonomy":"post_tag","embeddable":true,"href":"https:\/\/www.samverlen.com\/index.php\/wp-json\/wp\/v2\/tags?post=2442"},{"taxonomy":"event_type","embeddable":true,"href":"https:\/\/www.samverlen.com\/index.php\/wp-json\/wp\/v2\/event_type?post=2442"},{"taxonomy":"event_type_2","embeddable":true,"href":"https:\/\/www.samverlen.com\/index.php\/wp-json\/wp\/v2\/event_type_2?post=2442"}],"curies":[{"name":"wp","href":"https:\/\/api.w.org\/{rel}","templated":true}]}}

MÉCANIQUE DU SOUFFLE &#8211; installation sonore

<p>Avec l&rsquo;orchesstrrion Philéas</p>



<p></p>



<p>ST BRIEUC (22) &#8211; Musée / Festival « Le temps des sciences »</p>
<p></p>

<!-- This site is optimized with the Yoast SEO plugin v27.5 - https://yoast.com/product/yoast-seo-wordpress/ -->
<title>MÉCANIQUE DU SOUFFLE - installation sonore - Sam Verlen</title>
<meta name="robots" content="index, follow, max-snippet:-1, max-image-preview:large, max-video-preview:-1" />
<link rel="canonical" href="https://www.samverlen.com/index.php/events/mecanique-du-souffle-installation-sonore/" />
<meta property="og:locale" content="fr_FR" />
<meta property="og:type" content="article" />
<meta property="og:title" content="MÉCANIQUE DU SOUFFLE - installation sonore - Sam Verlen" />
<meta property="og:description" content="Avec l&rsquo;orchesstrrion Philéas ST BRIEUC (22) &#8211; Musée / Festival « Le temps des sciences »" />
<meta property="og:url" content="https://www.samverlen.com/index.php/events/mecanique-du-souffle-installation-sonore/" />
<meta property="og:site_name" content="Sam Verlen" />
<meta property="article:publisher" content="https://www.facebook.com/sverlen" />
<meta property="article:modified_time" content="2025-08-23T07:02:06+00:00" />
<meta property="og:image" content="https://www.samverlen.com/wp-content/uploads/2024/09/RecitPhileas.jpg" />
	<meta property="og:image:width" content="1000" />
	<meta property="og:image:height" content="1305" />
	<meta property="og:image:type" content="image/jpeg" />
<meta name="twitter:card" content="summary_large_image" />
<meta name="twitter:site" content="@samverlen" />
<meta name="twitter:label1" content="Durée de lecture estimée" />
	<meta name="twitter:data1" content="1 minute" />
<script type="application/ld+json" class="yoast-schema-graph">{"@context":"https:\/\/schema.org","@graph":[{"@type":"WebPage","@id":"https:\/\/www.samverlen.com\/index.php\/events\/mecanique-du-souffle-installation-sonore\/","url":"https:\/\/www.samverlen.com\/index.php\/events\/mecanique-du-souffle-installation-sonore\/","name":"MÉCANIQUE DU SOUFFLE - installation sonore - Sam Verlen","isPartOf":{"@id":"https:\/\/www.samverlen.com\/#website"},"primaryImageOfPage":{"@id":"https:\/\/www.samverlen.com\/index.php\/events\/mecanique-du-souffle-installation-sonore\/#primaryimage"},"image":{"@id":"https:\/\/www.samverlen.com\/index.php\/events\/mecanique-du-souffle-installation-sonore\/#primaryimage"},"thumbnailUrl":"https:\/\/www.samverlen.com\/wp-content\/uploads\/2024\/09\/RecitPhileas.jpg","datePublished":"2025-08-23T06:59:09+00:00","dateModified":"2025-08-23T07:02:06+00:00","breadcrumb":{"@id":"https:\/\/www.samverlen.com\/index.php\/events\/mecanique-du-souffle-installation-sonore\/#breadcrumb"},"inLanguage":"fr-FR","potentialAction":[{"@type":"ReadAction","target":["https:\/\/www.samverlen.com\/index.php\/events\/mecanique-du-souffle-installation-sonore\/"]}]},{"@type":"ImageObject","inLanguage":"fr-FR","@id":"https:\/\/www.samverlen.com\/index.php\/events\/mecanique-du-souffle-installation-sonore\/#primaryimage","url":"https:\/\/www.samverlen.com\/wp-content\/uploads\/2024\/09\/RecitPhileas.jpg","contentUrl":"https:\/\/www.samverlen.com\/wp-content\/uploads\/2024\/09\/RecitPhileas.jpg","width":1000,"height":1305},{"@type":"BreadcrumbList","@id":"https:\/\/www.samverlen.com\/index.php\/events\/mecanique-du-souffle-installation-sonore\/#breadcrumb","itemListElement":[{"@type":"ListItem","position":1,"name":"Accueil","item":"https:\/\/www.samverlen.com\/"},{"@type":"ListItem","position":2,"name":"Events","item":"https:\/\/www.samverlen.com\/index.php\/events\/"},{"@type":"ListItem","position":3,"name":"MÉCANIQUE DU SOUFFLE &#8211; installation sonore"}]},{"@type":"WebSite","@id":"https:\/\/www.samverlen.com\/#website","url":"https:\/\/www.samverlen.com\/","name":"Sam Verlen","description":"Chercheur de poésie sonore \/\/ Compositeur, musicien","potentialAction":[{"@type":"SearchAction","target":{"@type":"EntryPoint","urlTemplate":"https:\/\/www.samverlen.com\/?s={search_term_string}"},"query-input":{"@type":"PropertyValueSpecification","valueRequired":true,"valueName":"search_term_string"}}],"inLanguage":"fr-FR"}]}</script>
<!-- / Yoast SEO plugin. -->

MÉCANIQUE DU SOUFFLE - installation sonore - Sam Verlen

Avec l&rsquo;orchesstrrion Philéas ST BRIEUC (22) &#8211; Musée / Festival « Le temps des sciences »

Chercheur de poésie sonore // Compositeur, musicien
